{"id":792,"date":"2021-06-17T10:11:05","date_gmt":"2021-06-17T10:11:05","guid":{"rendered":"https:\/\/first-gt.com\/produit\/audi-a3\/"},"modified":"2026-04-16T14:15:27","modified_gmt":"2026-04-16T14:15:27","slug":"audi-a3","status":"publish","type":"product","link":"https:\/\/first-gt.com\/fr\/vehicules\/audi-a3\/","title":{"rendered":"AUDI A3"},"content":{"rendered":"<p>L\u2019Audi A3 de derni\u00e8re g\u00e9n\u00e9ration s\u2019impose comme une compacte premium moderne, pens\u00e9e pour conjuguer efficacit\u00e9 et raffinement au quotidien. Son design s\u2019affirme avec une calandre \u00e9largie et des lignes plus tendues, lui conf\u00e9rant une pr\u00e9sence plus dynamique. \u00c0 l\u2019int\u00e9rieur, l\u2019environnement est r\u00e9solument digital, avec un cockpit connect\u00e9 et des interfaces intuitives qui facilitent l\u2019exp\u00e9rience de conduite. Sur la route, l\u2019A3 se distingue par sa polyvalence : elle reste \u00e0 la fois confortable en milieu urbain et stable sur de plus longues distances. Elle privil\u00e9gie la pr\u00e9cision et la coh\u00e9rence plut\u00f4t que l\u2019exub\u00e9rance, ce qui en fait une option particuli\u00e8rement adapt\u00e9e \u00e0 une utilisation vari\u00e9e. L\u2019A3 incarne ainsi une porte d\u2019entr\u00e9e \u00e9quilibr\u00e9e dans l\u2019univers Audi, combinant accessibilit\u00e9, qualit\u00e9 per\u00e7ue et agr\u00e9ment de conduite dans un format compact.<\/p>\n","protected":false},"excerpt":{"rendered":"<p>Nombre de places : 5<br \/>\nPuissance : 150<br \/>\nPrix pour 1 journ\u00e9e (250km inclus) :<br \/>\n<span class=\"redclass\">\u00e0 partir de 230\u20ac<\/span><br \/>\nPrix pour 3 jours (750km inclus) :<br \/>\n<span class=\"redclass\">\u00e0 partir de 600\u20ac<\/span><br \/>\nPrix pour 7 jours (1750km inclus) :<br \/>\n<span class=\"redclass\">\u00e0 partir de 1200\u20ac<\/span><br \/>\nFranchise :<br \/>\n<span class=\"redclass\">5000\u20ac<\/span><br \/>\nAssurance compl\u00e9mentaire (par jour) :<br \/>\n<span class=\"redclass\">25\u20ac par jour<\/span><br \/>\nFranchise r\u00e9duite :<br \/>\n<span class=\"redclass\">1500\u20ac<\/span><\/p>\n","protected":false},"featured_media":435,"template":"","meta":[],"pwb-brand":[116],"product_brand":[],"product_cat":[75],"product_tag":[],"class_list":{"0":"post-792","1":"product","2":"type-product","3":"status-publish","4":"has-post-thumbnail","6":"pwb-brand-audi-fr","7":"product_cat-tourisme","9":"first","10":"instock","11":"shipping-taxable","12":"product-type-simple","13":"add-to-wishlist-after_add_to_cart"},"yoast_head":"<!-- This site is optimized with the Yoast SEO plugin v27.5 - https:\/\/yoast.com\/product\/yoast-seo-wordpress\/ -->\n<title>AUDI A3 - First GT<\/title>\n<meta name=\"robots\" content=\"index, follow, max-snippet:-1, max-image-preview:large, max-video-preview:-1\" \/>\n<link rel=\"canonical\" href=\"https:\/\/first-gt.com\/fr\/vehicules\/audi-a3\/\" \/>\n<meta property=\"og:locale\" content=\"fr_FR\" \/>\n<meta property=\"og:type\" content=\"article\" \/>\n<meta property=\"og:title\" content=\"AUDI A3 - First GT\" \/>\n<meta property=\"og:description\" content=\"Nombre de places : 5 Puissance : 150 Prix pour 1 journ\u00e9e (250km inclus) : \u00e0 partir de 230\u20ac Prix pour 3 jours (750km inclus) : \u00e0 partir de 600\u20ac Prix pour 7 jours (1750km inclus) : \u00e0 partir de 1200\u20ac Franchise : 5000\u20ac Assurance compl\u00e9mentaire (par jour) : 25\u20ac par jour Franchise r\u00e9duite : 1500\u20ac\" \/>\n<meta property=\"og:url\" content=\"https:\/\/first-gt.com\/fr\/vehicules\/audi-a3\/\" \/>\n<meta property=\"og:site_name\" content=\"First GT\" \/>\n<meta property=\"article:modified_time\" content=\"2026-04-16T14:15:27+00:00\" \/>\n<meta property=\"og:image\" content=\"https:\/\/first-gt.com\/wp-content\/uploads\/2021\/05\/audi-a3.jpg\" \/>\n\t<meta property=\"og:image:width\" content=\"1920\" \/>\n\t<meta property=\"og:image:height\" content=\"1190\" \/>\n\t<meta property=\"og:image:type\" content=\"image\/jpeg\" \/>\n<meta name=\"twitter:card\" content=\"summary_large_image\" \/>\n<meta name=\"twitter:label1\" content=\"Dur\u00e9e de lecture estim\u00e9e\" \/>\n\t<meta name=\"twitter:data1\" content=\"1 minute\" \/>\n<script type=\"application\/ld+json\" class=\"yoast-schema-graph\">{\"@context\":\"https:\\\/\\\/schema.org\",\"@graph\":[{\"@type\":\"WebPage\",\"@id\":\"https:\\\/\\\/first-gt.com\\\/fr\\\/vehicules\\\/audi-a3\\\/\",\"url\":\"https:\\\/\\\/first-gt.com\\\/fr\\\/vehicules\\\/audi-a3\\\/\",\"name\":\"AUDI A3 - First GT\",\"isPartOf\":{\"@id\":\"https:\\\/\\\/first-gt.com\\\/#website\"},\"primaryImageOfPage\":{\"@id\":\"https:\\\/\\\/first-gt.com\\\/fr\\\/vehicules\\\/audi-a3\\\/#primaryimage\"},\"image\":{\"@id\":\"https:\\\/\\\/first-gt.com\\\/fr\\\/vehicules\\\/audi-a3\\\/#primaryimage\"},\"thumbnailUrl\":\"https:\\\/\\\/first-gt.com\\\/wp-content\\\/uploads\\\/2021\\\/05\\\/audi-a3.jpg\",\"datePublished\":\"2021-06-17T10:11:05+00:00\",\"dateModified\":\"2026-04-16T14:15:27+00:00\",\"breadcrumb\":{\"@id\":\"https:\\\/\\\/first-gt.com\\\/fr\\\/vehicules\\\/audi-a3\\\/#breadcrumb\"},\"inLanguage\":\"fr-FR\",\"potentialAction\":[{\"@type\":\"ReadAction\",\"target\":[\"https:\\\/\\\/first-gt.com\\\/fr\\\/vehicules\\\/audi-a3\\\/\"]}]},{\"@type\":\"ImageObject\",\"inLanguage\":\"fr-FR\",\"@id\":\"https:\\\/\\\/first-gt.com\\\/fr\\\/vehicules\\\/audi-a3\\\/#primaryimage\",\"url\":\"https:\\\/\\\/first-gt.com\\\/wp-content\\\/uploads\\\/2021\\\/05\\\/audi-a3.jpg\",\"contentUrl\":\"https:\\\/\\\/first-gt.com\\\/wp-content\\\/uploads\\\/2021\\\/05\\\/audi-a3.jpg\",\"width\":1920,\"height\":1190},{\"@type\":\"BreadcrumbList\",\"@id\":\"https:\\\/\\\/first-gt.com\\\/fr\\\/vehicules\\\/audi-a3\\\/#breadcrumb\",\"itemListElement\":[{\"@type\":\"ListItem\",\"position\":1,\"name\":\"Accueil\",\"item\":\"https:\\\/\\\/first-gt.com\\\/fr\\\/\"},{\"@type\":\"ListItem\",\"position\":2,\"name\":\"Notre flotte de v\u00e9hicules\",\"item\":\"https:\\\/\\\/first-gt.com\\\/fr\\\/vehicules\\\/\"},{\"@type\":\"ListItem\",\"position\":3,\"name\":\"AUDI A3\"}]},{\"@type\":\"WebSite\",\"@id\":\"https:\\\/\\\/first-gt.com\\\/#website\",\"url\":\"https:\\\/\\\/first-gt.com\\\/\",\"name\":\"First GT\",\"description\":\"First GT\",\"potentialAction\":[{\"@type\":\"SearchAction\",\"target\":{\"@type\":\"EntryPoint\",\"urlTemplate\":\"https:\\\/\\\/first-gt.com\\\/?s={search_term_string}\"},\"query-input\":{\"@type\":\"PropertyValueSpecification\",\"valueRequired\":true,\"valueName\":\"search_term_string\"}}],\"inLanguage\":\"fr-FR\"}]}<\/script>\n<!-- \/ Yoast SEO plugin. -->","yoast_head_json":{"title":"AUDI A3 - First GT","robots":{"index":"index","follow":"follow","max-snippet":"max-snippet:-1","max-image-preview":"max-image-preview:large","max-video-preview":"max-video-preview:-1"},"canonical":"https:\/\/first-gt.com\/fr\/vehicules\/audi-a3\/","og_locale":"fr_FR","og_type":"article","og_title":"AUDI A3 - First GT","og_description":"Nombre de places : 5 Puissance : 150 Prix pour 1 journ\u00e9e (250km inclus) : \u00e0 partir de 230\u20ac Prix pour 3 jours (750km inclus) : \u00e0 partir de 600\u20ac Prix pour 7 jours (1750km inclus) : \u00e0 partir de 1200\u20ac Franchise : 5000\u20ac Assurance compl\u00e9mentaire (par jour) : 25\u20ac par jour Franchise r\u00e9duite : 1500\u20ac","og_url":"https:\/\/first-gt.com\/fr\/vehicules\/audi-a3\/","og_site_name":"First GT","article_modified_time":"2026-04-16T14:15:27+00:00","og_image":[{"width":1920,"height":1190,"url":"https:\/\/first-gt.com\/wp-content\/uploads\/2021\/05\/audi-a3.jpg","type":"image\/jpeg"}],"twitter_card":"summary_large_image","twitter_misc":{"Dur\u00e9e de lecture estim\u00e9e":"1 minute"},"schema":{"@context":"https:\/\/schema.org","@graph":[{"@type":"WebPage","@id":"https:\/\/first-gt.com\/fr\/vehicules\/audi-a3\/","url":"https:\/\/first-gt.com\/fr\/vehicules\/audi-a3\/","name":"AUDI A3 - First GT","isPartOf":{"@id":"https:\/\/first-gt.com\/#website"},"primaryImageOfPage":{"@id":"https:\/\/first-gt.com\/fr\/vehicules\/audi-a3\/#primaryimage"},"image":{"@id":"https:\/\/first-gt.com\/fr\/vehicules\/audi-a3\/#primaryimage"},"thumbnailUrl":"https:\/\/first-gt.com\/wp-content\/uploads\/2021\/05\/audi-a3.jpg","datePublished":"2021-06-17T10:11:05+00:00","dateModified":"2026-04-16T14:15:27+00:00","breadcrumb":{"@id":"https:\/\/first-gt.com\/fr\/vehicules\/audi-a3\/#breadcrumb"},"inLanguage":"fr-FR","potentialAction":[{"@type":"ReadAction","target":["https:\/\/first-gt.com\/fr\/vehicules\/audi-a3\/"]}]},{"@type":"ImageObject","inLanguage":"fr-FR","@id":"https:\/\/first-gt.com\/fr\/vehicules\/audi-a3\/#primaryimage","url":"https:\/\/first-gt.com\/wp-content\/uploads\/2021\/05\/audi-a3.jpg","contentUrl":"https:\/\/first-gt.com\/wp-content\/uploads\/2021\/05\/audi-a3.jpg","width":1920,"height":1190},{"@type":"BreadcrumbList","@id":"https:\/\/first-gt.com\/fr\/vehicules\/audi-a3\/#breadcrumb","itemListElement":[{"@type":"ListItem","position":1,"name":"Accueil","item":"https:\/\/first-gt.com\/fr\/"},{"@type":"ListItem","position":2,"name":"Notre flotte de v\u00e9hicules","item":"https:\/\/first-gt.com\/fr\/vehicules\/"},{"@type":"ListItem","position":3,"name":"AUDI A3"}]},{"@type":"WebSite","@id":"https:\/\/first-gt.com\/#website","url":"https:\/\/first-gt.com\/","name":"First GT","description":"First GT","potentialAction":[{"@type":"SearchAction","target":{"@type":"EntryPoint","urlTemplate":"https:\/\/first-gt.com\/?s={search_term_string}"},"query-input":{"@type":"PropertyValueSpecification","valueRequired":true,"valueName":"search_term_string"}}],"inLanguage":"fr-FR"}]}},"brands":[{"id":116,"name":"Audi","slug":"audi-fr"}],"_links":{"self":[{"href":"https:\/\/first-gt.com\/fr\/wp-json\/wp\/v2\/product\/792","targetHints":{"allow":["GET"]}}],"collection":[{"href":"https:\/\/first-gt.com\/fr\/wp-json\/wp\/v2\/product"}],"about":[{"href":"https:\/\/first-gt.com\/fr\/wp-json\/wp\/v2\/types\/product"}],"wp:featuredmedia":[{"embeddable":true,"href":"https:\/\/first-gt.com\/fr\/wp-json\/wp\/v2\/media\/435"}],"wp:attachment":[{"href":"https:\/\/first-gt.com\/fr\/wp-json\/wp\/v2\/media?parent=792"}],"wp:term":[{"taxonomy":"pwb-brand","embeddable":true,"href":"https:\/\/first-gt.com\/fr\/wp-json\/wp\/v2\/pwb-brand?post=792"},{"taxonomy":"product_brand","embeddable":true,"href":"https:\/\/first-gt.com\/fr\/wp-json\/wp\/v2\/product_brand?post=792"},{"taxonomy":"product_cat","embeddable":true,"href":"https:\/\/first-gt.com\/fr\/wp-json\/wp\/v2\/product_cat?post=792"},{"taxonomy":"product_tag","embeddable":true,"href":"https:\/\/first-gt.com\/fr\/wp-json\/wp\/v2\/product_tag?post=792"}],"curies":[{"name":"wp","href":"https:\/\/api.w.org\/{rel}","templated":true}]}}

<p>L’Audi A3 de dernière génération s’impose comme une compacte premium moderne, pensée pour conjuguer efficacité et raffinement au quotidien. Son design s’affirme avec une calandre élargie et des lignes plus tendues, lui conférant une présence plus dynamique. À l’intérieur, l’environnement est résolument digital, avec un cockpit connecté et des interfaces intuitives qui facilitent l’expérience de conduite. Sur la route, l’A3 se distingue par sa polyvalence : elle reste à la fois confortable en milieu urbain et stable sur de plus longues distances. Elle privilégie la précision et la cohérence plutôt que l’exubérance, ce qui en fait une option particulièrement adaptée à une utilisation variée. L’A3 incarne ainsi une porte d’entrée équilibrée dans l’univers Audi, combinant accessibilité, qualité perçue et agrément de conduite dans un format compact.</p>

<p>Nombre de places : 5<br />
Puissance : 150<br />
Prix pour 1 journée (250km inclus) :<br />
<span class="redclass">à partir de 230€</span><br />
Prix pour 3 jours (750km inclus) :<br />
<span class="redclass">à partir de 600€</span><br />
Prix pour 7 jours (1750km inclus) :<br />
<span class="redclass">à partir de 1200€</span><br />
Franchise :<br />
<span class="redclass">5000€</span><br />
Assurance complémentaire (par jour) :<br />
<span class="redclass">25€ par jour</span><br />
Franchise réduite :<br />
<span class="redclass">1500€</span></p>

<!-- This site is optimized with the Yoast SEO plugin v27.5 - https://yoast.com/product/yoast-seo-wordpress/ -->
<title>AUDI A3 - First GT</title>
<meta name="robots" content="index, follow, max-snippet:-1, max-image-preview:large, max-video-preview:-1" />
<link rel="canonical" href="https://first-gt.com/fr/vehicules/audi-a3/" />
<meta property="og:locale" content="fr_FR" />
<meta property="og:type" content="article" />
<meta property="og:title" content="AUDI A3 - First GT" />
<meta property="og:description" content="Nombre de places : 5 Puissance : 150 Prix pour 1 journée (250km inclus) : à partir de 230€ Prix pour 3 jours (750km inclus) : à partir de 600€ Prix pour 7 jours (1750km inclus) : à partir de 1200€ Franchise : 5000€ Assurance complémentaire (par jour) : 25€ par jour Franchise réduite : 1500€" />
<meta property="og:url" content="https://first-gt.com/fr/vehicules/audi-a3/" />
<meta property="og:site_name" content="First GT" />
<meta property="article:modified_time" content="2026-04-16T14:15:27+00:00" />
<meta property="og:image" content="https://first-gt.com/wp-content/uploads/2021/05/audi-a3.jpg" />
	<meta property="og:image:width" content="1920" />
	<meta property="og:image:height" content="1190" />
	<meta property="og:image:type" content="image/jpeg" />
<meta name="twitter:card" content="summary_large_image" />
<meta name="twitter:label1" content="Durée de lecture estimée" />
	<meta name="twitter:data1" content="1 minute" />
<script type="application/ld+json" class="yoast-schema-graph">{"@context":"https:\/\/schema.org","@graph":[{"@type":"WebPage","@id":"https:\/\/first-gt.com\/fr\/vehicules\/audi-a3\/","url":"https:\/\/first-gt.com\/fr\/vehicules\/audi-a3\/","name":"AUDI A3 - First GT","isPartOf":{"@id":"https:\/\/first-gt.com\/#website"},"primaryImageOfPage":{"@id":"https:\/\/first-gt.com\/fr\/vehicules\/audi-a3\/#primaryimage"},"image":{"@id":"https:\/\/first-gt.com\/fr\/vehicules\/audi-a3\/#primaryimage"},"thumbnailUrl":"https:\/\/first-gt.com\/wp-content\/uploads\/2021\/05\/audi-a3.jpg","datePublished":"2021-06-17T10:11:05+00:00","dateModified":"2026-04-16T14:15:27+00:00","breadcrumb":{"@id":"https:\/\/first-gt.com\/fr\/vehicules\/audi-a3\/#breadcrumb"},"inLanguage":"fr-FR","potentialAction":[{"@type":"ReadAction","target":["https:\/\/first-gt.com\/fr\/vehicules\/audi-a3\/"]}]},{"@type":"ImageObject","inLanguage":"fr-FR","@id":"https:\/\/first-gt.com\/fr\/vehicules\/audi-a3\/#primaryimage","url":"https:\/\/first-gt.com\/wp-content\/uploads\/2021\/05\/audi-a3.jpg","contentUrl":"https:\/\/first-gt.com\/wp-content\/uploads\/2021\/05\/audi-a3.jpg","width":1920,"height":1190},{"@type":"BreadcrumbList","@id":"https:\/\/first-gt.com\/fr\/vehicules\/audi-a3\/#breadcrumb","itemListElement":[{"@type":"ListItem","position":1,"name":"Accueil","item":"https:\/\/first-gt.com\/fr\/"},{"@type":"ListItem","position":2,"name":"Notre flotte de véhicules","item":"https:\/\/first-gt.com\/fr\/vehicules\/"},{"@type":"ListItem","position":3,"name":"AUDI A3"}]},{"@type":"WebSite","@id":"https:\/\/first-gt.com\/#website","url":"https:\/\/first-gt.com\/","name":"First GT","description":"First GT","potentialAction":[{"@type":"SearchAction","target":{"@type":"EntryPoint","urlTemplate":"https:\/\/first-gt.com\/?s={search_term_string}"},"query-input":{"@type":"PropertyValueSpecification","valueRequired":true,"valueName":"search_term_string"}}],"inLanguage":"fr-FR"}]}</script>
<!-- / Yoast SEO plugin. -->

Nombre de places : 5 Puissance : 150 Prix pour 1 journée (250km inclus) : à partir de 230€ Prix pour 3 jours (750km inclus) : à partir de 600€ Prix pour 7 jours (1750km inclus) : à partir de 1200€ Franchise : 5000€ Assurance complémentaire (par jour) : 25€ par jour Franchise réduite : 1500€

Notre flotte de véhicules
