{"id":763,"date":"2021-06-17T10:11:01","date_gmt":"2021-06-17T10:11:01","guid":{"rendered":"https:\/\/first-gt.com\/produit\/audi-a6\/"},"modified":"2026-04-16T14:15:56","modified_gmt":"2026-04-16T14:15:56","slug":"audi-a6","status":"publish","type":"product","link":"https:\/\/first-gt.com\/fr\/vehicules\/audi-a6\/","title":{"rendered":"AUDI A6"},"content":{"rendered":"<p>L\u2019Audi A6 \u00e9l\u00e8ve la notion de berline ex\u00e9cutive en int\u00e9grant technologie avanc\u00e9e, confort et design \u00e9pur\u00e9. Sa silhouette allong\u00e9e et ses lignes nettes lui conf\u00e8rent une pr\u00e9sence \u00e9l\u00e9gante et ma\u00eetris\u00e9e. L\u2019habitacle se distingue par son haut niveau de digitalisation, avec des \u00e9crans tactiles int\u00e9gr\u00e9s et un environnement connect\u00e9 pens\u00e9 pour le conducteur comme pour les passagers. Sur la route, l\u2019A6 offre une conduite particuli\u00e8rement fluide, soutenue par des motorisations efficientes et une suspension optimis\u00e9e pour le confort. Elle se r\u00e9v\u00e8le particuli\u00e8rement adapt\u00e9e aux longs trajets, o\u00f9 son raffinement prend toute sa dimension. L\u2019A6 s\u00e9duit par sa coh\u00e9rence globale, offrant une exp\u00e9rience premium \u00e0 la fois moderne et intemporelle.<\/p>\n","protected":false},"excerpt":{"rendered":"<p>Nombre de places : 4<br \/>\nPuissance : 286<br \/>\nPrix pour 1 journ\u00e9e (250km inclus) :<br \/>\n<span class=\"redclass\">\u00e0 partir de 420\u20ac<\/span><br \/>\nPrix pour 3 jours (750km inclus) :<br \/>\n<span class=\"redclass\">\u00e0 partir de 1200\u20ac<\/span><br \/>\nPrix pour 7 jours (1750km inclus) :<br \/>\n<span class=\"redclass\">\u00e0 partir de 2450\u20ac<\/span><br \/>\nFranchise :<br \/>\n<span class=\"redclass\">9000\u20ac<\/span><br \/>\nAssurance compl\u00e9mentaire (par jour) :<br \/>\n<span class=\"redclass\">35\u20ac par jour<\/span><br \/>\nFranchise r\u00e9duite :<br \/>\n<span class=\"redclass\">4500\u20ac<\/span><\/p>\n","protected":false},"featured_media":319,"template":"","meta":[],"pwb-brand":[],"product_brand":[],"product_cat":[72],"product_tag":[],"class_list":{"0":"post-763","1":"product","2":"type-product","3":"status-publish","4":"has-post-thumbnail","6":"product_cat-berlines","8":"first","9":"instock","10":"shipping-taxable","11":"product-type-simple","12":"add-to-wishlist-after_add_to_cart"},"yoast_head":"<!-- This site is optimized with the Yoast SEO plugin v27.5 - https:\/\/yoast.com\/product\/yoast-seo-wordpress\/ -->\n<title>AUDI A6 - First GT<\/title>\n<meta name=\"robots\" content=\"index, follow, max-snippet:-1, max-image-preview:large, max-video-preview:-1\" \/>\n<link rel=\"canonical\" href=\"https:\/\/first-gt.com\/fr\/vehicules\/audi-a6\/\" \/>\n<meta property=\"og:locale\" content=\"fr_FR\" \/>\n<meta property=\"og:type\" content=\"article\" \/>\n<meta property=\"og:title\" content=\"AUDI A6 - First GT\" \/>\n<meta property=\"og:description\" content=\"Nombre de places : 4 Puissance : 286 Prix pour 1 journ\u00e9e (250km inclus) : \u00e0 partir de 420\u20ac Prix pour 3 jours (750km inclus) : \u00e0 partir de 1200\u20ac Prix pour 7 jours (1750km inclus) : \u00e0 partir de 2450\u20ac Franchise : 9000\u20ac Assurance compl\u00e9mentaire (par jour) : 35\u20ac par jour Franchise r\u00e9duite : 4500\u20ac\" \/>\n<meta property=\"og:url\" content=\"https:\/\/first-gt.com\/fr\/vehicules\/audi-a6\/\" \/>\n<meta property=\"og:site_name\" content=\"First GT\" \/>\n<meta property=\"article:modified_time\" content=\"2026-04-16T14:15:56+00:00\" \/>\n<meta property=\"og:image\" content=\"https:\/\/first-gt.com\/wp-content\/uploads\/2021\/05\/audi-a6-sedan.jpg\" \/>\n\t<meta property=\"og:image:width\" content=\"1920\" \/>\n\t<meta property=\"og:image:height\" content=\"1080\" \/>\n\t<meta property=\"og:image:type\" content=\"image\/jpeg\" \/>\n<meta name=\"twitter:card\" content=\"summary_large_image\" \/>\n<meta name=\"twitter:label1\" content=\"Dur\u00e9e de lecture estim\u00e9e\" \/>\n\t<meta name=\"twitter:data1\" content=\"1 minute\" \/>\n<script type=\"application\/ld+json\" class=\"yoast-schema-graph\">{\"@context\":\"https:\\\/\\\/schema.org\",\"@graph\":[{\"@type\":\"WebPage\",\"@id\":\"https:\\\/\\\/first-gt.com\\\/fr\\\/vehicules\\\/audi-a6\\\/\",\"url\":\"https:\\\/\\\/first-gt.com\\\/fr\\\/vehicules\\\/audi-a6\\\/\",\"name\":\"AUDI A6 - First GT\",\"isPartOf\":{\"@id\":\"https:\\\/\\\/first-gt.com\\\/#website\"},\"primaryImageOfPage\":{\"@id\":\"https:\\\/\\\/first-gt.com\\\/fr\\\/vehicules\\\/audi-a6\\\/#primaryimage\"},\"image\":{\"@id\":\"https:\\\/\\\/first-gt.com\\\/fr\\\/vehicules\\\/audi-a6\\\/#primaryimage\"},\"thumbnailUrl\":\"https:\\\/\\\/first-gt.com\\\/wp-content\\\/uploads\\\/2021\\\/05\\\/audi-a6-sedan.jpg\",\"datePublished\":\"2021-06-17T10:11:01+00:00\",\"dateModified\":\"2026-04-16T14:15:56+00:00\",\"breadcrumb\":{\"@id\":\"https:\\\/\\\/first-gt.com\\\/fr\\\/vehicules\\\/audi-a6\\\/#breadcrumb\"},\"inLanguage\":\"fr-FR\",\"potentialAction\":[{\"@type\":\"ReadAction\",\"target\":[\"https:\\\/\\\/first-gt.com\\\/fr\\\/vehicules\\\/audi-a6\\\/\"]}]},{\"@type\":\"ImageObject\",\"inLanguage\":\"fr-FR\",\"@id\":\"https:\\\/\\\/first-gt.com\\\/fr\\\/vehicules\\\/audi-a6\\\/#primaryimage\",\"url\":\"https:\\\/\\\/first-gt.com\\\/wp-content\\\/uploads\\\/2021\\\/05\\\/audi-a6-sedan.jpg\",\"contentUrl\":\"https:\\\/\\\/first-gt.com\\\/wp-content\\\/uploads\\\/2021\\\/05\\\/audi-a6-sedan.jpg\",\"width\":1920,\"height\":1080},{\"@type\":\"BreadcrumbList\",\"@id\":\"https:\\\/\\\/first-gt.com\\\/fr\\\/vehicules\\\/audi-a6\\\/#breadcrumb\",\"itemListElement\":[{\"@type\":\"ListItem\",\"position\":1,\"name\":\"Accueil\",\"item\":\"https:\\\/\\\/first-gt.com\\\/fr\\\/\"},{\"@type\":\"ListItem\",\"position\":2,\"name\":\"Notre flotte de v\u00e9hicules\",\"item\":\"https:\\\/\\\/first-gt.com\\\/fr\\\/vehicules\\\/\"},{\"@type\":\"ListItem\",\"position\":3,\"name\":\"AUDI A6\"}]},{\"@type\":\"WebSite\",\"@id\":\"https:\\\/\\\/first-gt.com\\\/#website\",\"url\":\"https:\\\/\\\/first-gt.com\\\/\",\"name\":\"First GT\",\"description\":\"First GT\",\"potentialAction\":[{\"@type\":\"SearchAction\",\"target\":{\"@type\":\"EntryPoint\",\"urlTemplate\":\"https:\\\/\\\/first-gt.com\\\/?s={search_term_string}\"},\"query-input\":{\"@type\":\"PropertyValueSpecification\",\"valueRequired\":true,\"valueName\":\"search_term_string\"}}],\"inLanguage\":\"fr-FR\"}]}<\/script>\n<!-- \/ Yoast SEO plugin. -->","yoast_head_json":{"title":"AUDI A6 - First GT","robots":{"index":"index","follow":"follow","max-snippet":"max-snippet:-1","max-image-preview":"max-image-preview:large","max-video-preview":"max-video-preview:-1"},"canonical":"https:\/\/first-gt.com\/fr\/vehicules\/audi-a6\/","og_locale":"fr_FR","og_type":"article","og_title":"AUDI A6 - First GT","og_description":"Nombre de places : 4 Puissance : 286 Prix pour 1 journ\u00e9e (250km inclus) : \u00e0 partir de 420\u20ac Prix pour 3 jours (750km inclus) : \u00e0 partir de 1200\u20ac Prix pour 7 jours (1750km inclus) : \u00e0 partir de 2450\u20ac Franchise : 9000\u20ac Assurance compl\u00e9mentaire (par jour) : 35\u20ac par jour Franchise r\u00e9duite : 4500\u20ac","og_url":"https:\/\/first-gt.com\/fr\/vehicules\/audi-a6\/","og_site_name":"First GT","article_modified_time":"2026-04-16T14:15:56+00:00","og_image":[{"width":1920,"height":1080,"url":"https:\/\/first-gt.com\/wp-content\/uploads\/2021\/05\/audi-a6-sedan.jpg","type":"image\/jpeg"}],"twitter_card":"summary_large_image","twitter_misc":{"Dur\u00e9e de lecture estim\u00e9e":"1 minute"},"schema":{"@context":"https:\/\/schema.org","@graph":[{"@type":"WebPage","@id":"https:\/\/first-gt.com\/fr\/vehicules\/audi-a6\/","url":"https:\/\/first-gt.com\/fr\/vehicules\/audi-a6\/","name":"AUDI A6 - First GT","isPartOf":{"@id":"https:\/\/first-gt.com\/#website"},"primaryImageOfPage":{"@id":"https:\/\/first-gt.com\/fr\/vehicules\/audi-a6\/#primaryimage"},"image":{"@id":"https:\/\/first-gt.com\/fr\/vehicules\/audi-a6\/#primaryimage"},"thumbnailUrl":"https:\/\/first-gt.com\/wp-content\/uploads\/2021\/05\/audi-a6-sedan.jpg","datePublished":"2021-06-17T10:11:01+00:00","dateModified":"2026-04-16T14:15:56+00:00","breadcrumb":{"@id":"https:\/\/first-gt.com\/fr\/vehicules\/audi-a6\/#breadcrumb"},"inLanguage":"fr-FR","potentialAction":[{"@type":"ReadAction","target":["https:\/\/first-gt.com\/fr\/vehicules\/audi-a6\/"]}]},{"@type":"ImageObject","inLanguage":"fr-FR","@id":"https:\/\/first-gt.com\/fr\/vehicules\/audi-a6\/#primaryimage","url":"https:\/\/first-gt.com\/wp-content\/uploads\/2021\/05\/audi-a6-sedan.jpg","contentUrl":"https:\/\/first-gt.com\/wp-content\/uploads\/2021\/05\/audi-a6-sedan.jpg","width":1920,"height":1080},{"@type":"BreadcrumbList","@id":"https:\/\/first-gt.com\/fr\/vehicules\/audi-a6\/#breadcrumb","itemListElement":[{"@type":"ListItem","position":1,"name":"Accueil","item":"https:\/\/first-gt.com\/fr\/"},{"@type":"ListItem","position":2,"name":"Notre flotte de v\u00e9hicules","item":"https:\/\/first-gt.com\/fr\/vehicules\/"},{"@type":"ListItem","position":3,"name":"AUDI A6"}]},{"@type":"WebSite","@id":"https:\/\/first-gt.com\/#website","url":"https:\/\/first-gt.com\/","name":"First GT","description":"First GT","potentialAction":[{"@type":"SearchAction","target":{"@type":"EntryPoint","urlTemplate":"https:\/\/first-gt.com\/?s={search_term_string}"},"query-input":{"@type":"PropertyValueSpecification","valueRequired":true,"valueName":"search_term_string"}}],"inLanguage":"fr-FR"}]}},"brands":[],"_links":{"self":[{"href":"https:\/\/first-gt.com\/fr\/wp-json\/wp\/v2\/product\/763","targetHints":{"allow":["GET"]}}],"collection":[{"href":"https:\/\/first-gt.com\/fr\/wp-json\/wp\/v2\/product"}],"about":[{"href":"https:\/\/first-gt.com\/fr\/wp-json\/wp\/v2\/types\/product"}],"wp:featuredmedia":[{"embeddable":true,"href":"https:\/\/first-gt.com\/fr\/wp-json\/wp\/v2\/media\/319"}],"wp:attachment":[{"href":"https:\/\/first-gt.com\/fr\/wp-json\/wp\/v2\/media?parent=763"}],"wp:term":[{"taxonomy":"pwb-brand","embeddable":true,"href":"https:\/\/first-gt.com\/fr\/wp-json\/wp\/v2\/pwb-brand?post=763"},{"taxonomy":"product_brand","embeddable":true,"href":"https:\/\/first-gt.com\/fr\/wp-json\/wp\/v2\/product_brand?post=763"},{"taxonomy":"product_cat","embeddable":true,"href":"https:\/\/first-gt.com\/fr\/wp-json\/wp\/v2\/product_cat?post=763"},{"taxonomy":"product_tag","embeddable":true,"href":"https:\/\/first-gt.com\/fr\/wp-json\/wp\/v2\/product_tag?post=763"}],"curies":[{"name":"wp","href":"https:\/\/api.w.org\/{rel}","templated":true}]}}

<p>L’Audi A6 élève la notion de berline exécutive en intégrant technologie avancée, confort et design épuré. Sa silhouette allongée et ses lignes nettes lui confèrent une présence élégante et maîtrisée. L’habitacle se distingue par son haut niveau de digitalisation, avec des écrans tactiles intégrés et un environnement connecté pensé pour le conducteur comme pour les passagers. Sur la route, l’A6 offre une conduite particulièrement fluide, soutenue par des motorisations efficientes et une suspension optimisée pour le confort. Elle se révèle particulièrement adaptée aux longs trajets, où son raffinement prend toute sa dimension. L’A6 séduit par sa cohérence globale, offrant une expérience premium à la fois moderne et intemporelle.</p>

<p>Nombre de places : 4<br />
Puissance : 286<br />
Prix pour 1 journée (250km inclus) :<br />
<span class="redclass">à partir de 420€</span><br />
Prix pour 3 jours (750km inclus) :<br />
<span class="redclass">à partir de 1200€</span><br />
Prix pour 7 jours (1750km inclus) :<br />
<span class="redclass">à partir de 2450€</span><br />
Franchise :<br />
<span class="redclass">9000€</span><br />
Assurance complémentaire (par jour) :<br />
<span class="redclass">35€ par jour</span><br />
Franchise réduite :<br />
<span class="redclass">4500€</span></p>

<!-- This site is optimized with the Yoast SEO plugin v27.5 - https://yoast.com/product/yoast-seo-wordpress/ -->
<title>AUDI A6 - First GT</title>
<meta name="robots" content="index, follow, max-snippet:-1, max-image-preview:large, max-video-preview:-1" />
<link rel="canonical" href="https://first-gt.com/fr/vehicules/audi-a6/" />
<meta property="og:locale" content="fr_FR" />
<meta property="og:type" content="article" />
<meta property="og:title" content="AUDI A6 - First GT" />
<meta property="og:description" content="Nombre de places : 4 Puissance : 286 Prix pour 1 journée (250km inclus) : à partir de 420€ Prix pour 3 jours (750km inclus) : à partir de 1200€ Prix pour 7 jours (1750km inclus) : à partir de 2450€ Franchise : 9000€ Assurance complémentaire (par jour) : 35€ par jour Franchise réduite : 4500€" />
<meta property="og:url" content="https://first-gt.com/fr/vehicules/audi-a6/" />
<meta property="og:site_name" content="First GT" />
<meta property="article:modified_time" content="2026-04-16T14:15:56+00:00" />
<meta property="og:image" content="https://first-gt.com/wp-content/uploads/2021/05/audi-a6-sedan.jpg" />
	<meta property="og:image:width" content="1920" />
	<meta property="og:image:height" content="1080" />
	<meta property="og:image:type" content="image/jpeg" />
<meta name="twitter:card" content="summary_large_image" />
<meta name="twitter:label1" content="Durée de lecture estimée" />
	<meta name="twitter:data1" content="1 minute" />
<script type="application/ld+json" class="yoast-schema-graph">{"@context":"https:\/\/schema.org","@graph":[{"@type":"WebPage","@id":"https:\/\/first-gt.com\/fr\/vehicules\/audi-a6\/","url":"https:\/\/first-gt.com\/fr\/vehicules\/audi-a6\/","name":"AUDI A6 - First GT","isPartOf":{"@id":"https:\/\/first-gt.com\/#website"},"primaryImageOfPage":{"@id":"https:\/\/first-gt.com\/fr\/vehicules\/audi-a6\/#primaryimage"},"image":{"@id":"https:\/\/first-gt.com\/fr\/vehicules\/audi-a6\/#primaryimage"},"thumbnailUrl":"https:\/\/first-gt.com\/wp-content\/uploads\/2021\/05\/audi-a6-sedan.jpg","datePublished":"2021-06-17T10:11:01+00:00","dateModified":"2026-04-16T14:15:56+00:00","breadcrumb":{"@id":"https:\/\/first-gt.com\/fr\/vehicules\/audi-a6\/#breadcrumb"},"inLanguage":"fr-FR","potentialAction":[{"@type":"ReadAction","target":["https:\/\/first-gt.com\/fr\/vehicules\/audi-a6\/"]}]},{"@type":"ImageObject","inLanguage":"fr-FR","@id":"https:\/\/first-gt.com\/fr\/vehicules\/audi-a6\/#primaryimage","url":"https:\/\/first-gt.com\/wp-content\/uploads\/2021\/05\/audi-a6-sedan.jpg","contentUrl":"https:\/\/first-gt.com\/wp-content\/uploads\/2021\/05\/audi-a6-sedan.jpg","width":1920,"height":1080},{"@type":"BreadcrumbList","@id":"https:\/\/first-gt.com\/fr\/vehicules\/audi-a6\/#breadcrumb","itemListElement":[{"@type":"ListItem","position":1,"name":"Accueil","item":"https:\/\/first-gt.com\/fr\/"},{"@type":"ListItem","position":2,"name":"Notre flotte de véhicules","item":"https:\/\/first-gt.com\/fr\/vehicules\/"},{"@type":"ListItem","position":3,"name":"AUDI A6"}]},{"@type":"WebSite","@id":"https:\/\/first-gt.com\/#website","url":"https:\/\/first-gt.com\/","name":"First GT","description":"First GT","potentialAction":[{"@type":"SearchAction","target":{"@type":"EntryPoint","urlTemplate":"https:\/\/first-gt.com\/?s={search_term_string}"},"query-input":{"@type":"PropertyValueSpecification","valueRequired":true,"valueName":"search_term_string"}}],"inLanguage":"fr-FR"}]}</script>
<!-- / Yoast SEO plugin. -->

Nombre de places : 4 Puissance : 286 Prix pour 1 journée (250km inclus) : à partir de 420€ Prix pour 3 jours (750km inclus) : à partir de 1200€ Prix pour 7 jours (1750km inclus) : à partir de 2450€ Franchise : 9000€ Assurance complémentaire (par jour) : 35€ par jour Franchise réduite : 4500€

Notre flotte de véhicules
